 g(-44).
-58
Let d(q) = -14*q**2 + 45*q + 51. What is d(8)?
-485
Let s(p) = p**3 - 8*p**2 - 10*p + 27. Give s(8).
-53
Let r(s) = s**3 + 34*s**2 - 56*s - 472. Calculate r(-35).
263
Let k(a) = 11*a - 435. Give k(32).
-83
Let n(y) = -110*y - 992. Give n(-9).
-2
Let z(n) = n**2 - 48*n - 2667. Calculate z(81).
6
Let j(d) = 4*d**2 - 40*d - 3. What is j(-3)?
153
Let h(n) = 7*n - 390. Calculate h(49).
-47
Let b(d) = -4*d**2 - 47*d + 341. What is b(7)?
-184
Let d(t) = 29*t**2 + 319*t - 12. What is d(-10)?
-302
Let g(c) = -23*c - 1262. Determine g(-61).
141
Let o(w) = -3*w**2 - 59*w + 28. What is o(-18)?
118
Let f(y) = 3*y + 327. Give f(-108).
3
Let j(v) = -v**2 - 21*v + 47. Give j(-23).
1
Let r(a) = 26*a**2 + 3*a. Determine r(-1).
23
Let p(s) = -71*s + 358. What is p(9)?
-281
Let j(a) = 2153*a + 10759. Determine j(-5).
-6
Let x(u) = 5947*u + 35677. Calculate x(-6).
-5
Let z(s) = 10*s**2 + 9*s + 4. Give z(2).
62
Let o(g) = -g**3 - 6*g**2 + 14*g + 7. What is o(-8)?
23
Let b(h) = h**3 + 44*h**2 + 37*h - 282. Calculate b(-43).
-24
Let y(o) = 36*o**2 - 935*o - 23. Give y(26).
3
Let b(g) = -105*g + 1917. Give b(19).
-78
Let v(j) = -117*j - 3614. Calculate v(-31).
13
Let p(h) = -683*h + 686. Give p(1).
3
Let q(m) = 22*m**3 - 2*m**2 - 7*m + 2. What is q(2)?
156
Let m(y) = -64*y + 3613. Give m(56).
29
Let n(r) = -6*r**3 - r**2 - 16*r + 17. Determine n(1).
-6
Let p(u) = u**3 + 48*u**2 + 308*u - 100. Calculate p(-8).
-4
Let s(i) = 3*i**2 + 48*i - 485. Determine s(7).
-2
Let t(d) = -13*d + 250. Calculate t(18).
16
Let t(o) = -249*o + 6471. What is t(26)?
-3
Let d(q) = -10*q**2 - 952*q - 272. Determine d(-95).
-82
Let g(u) = -120*u - 1691. Calculate g(-14).
-11
Let w(m) = 74*m + 2646. Give w(-39).
-240
Let z(q) = -65*q**2 + q + 1. Give z(-1).
-65
Let g(u) = -7*u**2 + 75*u + 37. Give g(-1).
-45
Let i(b) = -b**3 - b + 215. Give i(0).
215
Let s(m) = -m**3 - 89*m**2 - 1605*m - 321. Calculate s(-64).
-1
Let o(m) = -54*m - 1671. Determine o(-31).
3
Let g(o) = 3*o + 98. Calculate g(11).
131
Let m(j) = j**3 + 12*j**2 - 140*j - 173. Calculate m(8).
-13
Let n(f) = f**2 + 29*f - 32. What is n(-37)?
264
Let g(k) = k**3 - 6*k**2 + 12*k - 25. Determine g(5).
10
Let z(o) = -20*o**2 + 118*o - 107. Give z(4).
45
Let c(n) = -n**3 + 17*n**2 - 62*n + 463. What is c(15)?
-17
Let k(n) = -13*n - 99. Calculate k(-8).
5
Let p(l) = 107*l - 8. Give p(0).
-8
Let i(n) = -n**2 - 57*n + 116. Give i(-59).
-2
Let u(n) = -2*n**3 + 13*n**2 + 10*n - 82. Calculate u(6).
14
Let o(i) = -231*i + 11087. Calculate o(48).
-1
Let u(s) = -89*s**2 - 31*s - 8. What is u(0)?
-8
Let w(i) = -58*i + 874. Determine w(15).
4
Let t(d) = -d**3 - 8*d**2 + 9*d + 103. Determine t(-8).
31
Let m(j) = j**3 - 13*j**2 - 23*j - 134. Give m(15).
-29
Let q(s) = -10*s**2 + 8*s - 10. Determine q(-5).
-300
Let s(v) = -36*v**2 - 5*v + 9. Give s(2).
-145
Let d(w) = -5*w + 1001. Calculate d(41).
796
Let n(y) = y**3 + 27*y**2 - 6*y - 57. Calculate n(-27).
105
Let v(b) = -96*b**3 - b**2 + 26*b + 26. Calculate v(-1).
95
Let q(y) = 4*y**3 - 9*y**2 - 15*y + 31. Give q(5).
231
Let t(r) = 80*r**2 - 4*r + 3. Give t(1).
79
Let i(h) = -h + 103. Determine i(87).
16
Let h(i) = i**3 + 4*i**2 - 76*i + 165. Calculate h(5).
10
Let s(m) = -9*m - 15. What is s(-8)?
57
Let x(y) = -y**2 - 140*y - 2478. What is x(-21)?
21
Let i(l) = 22*l - 63. What is i(-1)?
-85
Let o(a) = a**3 + 5*a**2 - 69*a + 22. Calculate o(-11).
55
Let g(a) = -32*a**2 + 221*a + 263. Determine g(-1).
10
Let n(r) = 2*r**3 + 7*r**2 + r + 8. Determine n(-5).
-72
Let f(c) = -271*c + 10292. Calculate f(38).
-6
Let x(f) = -58*f - 3006. What is x(-52)?
10
Let c(q) = q**2 - 4*q - 80. Give c(-7).
-3
Let j(v) = -v**2 + 52*v + 285. What is j(-5)?
0
Let q(r) = -r**2 - 52*r - 615. Determine q(-18).
-3
Let i(q) = -q**3 - 2*q**2 + 15*q + 5. What is i(7)?
-331
Let v(f) = f**3 + 40*f**2 - 112*f - 1179. What is v(-42)?
-3
Let w(o) = -2*o**3 - 11*o**2 - 4*o + 25. Give w(-5).
20
Let o(w) = 46*w**2 + 16*w - 31. Determine o(-1).
-1
Let w(r) = -r**2 - 67*r + 1243. What is w(-82)?
13
Let s(q) = q**3 - 7*q**2 - 13*q - 15. Give s(9).
30
Let u(l) = -l**3 + 20*l**2 + 176*l + 348. What is u(27)?
-3
Let c(l) = -607*l + 4843. What is c(8)?
-13
Let t(d) = -83*d + 577. What is t(7)?
-4
Let x(i) = i**3 + 15*i**2 + 46*i - 1. Determine x(-11).
-23
Let w(n) = 15*n**2 + 20*n + 2. Calculate w(-1).
-3
Let m(x) = -2*x**3 + 6*x**2 + 1283*x - 3855. Give m(3).
-6
Let g(i) = i**3 - 70*i**2 + 204*i - 193. Calculate g(67).
8
Let j(k) = 56*k**3 - 2*k**2 + 11*k - 13. What is j(2)?
449
Let u(p) = -p**3 + 7*p**2 - 4*p - 87. Calculate u(7).
-115
Let v(m) = -m**3 + 5*m**2 + 12*m + 51. Give v(7).
37
Let j(m) = m**3 + 2*m**2 - 14*m + 8. Determine j(-5).
3
Let k(h) = -3*h**3 + 57*h**2 - 24. What is k(19)?
-24
Let f(i) = -2*i**3 + 8*i**2 - 4*i - 9. Give f(6).
-177
Let g(b) = 17*b - 157. Calculate g(9).
-4
Let p(y) = y**3 - 8*y**2 + 12*y - 41. Determine p(7).
-6
Let t(w) = -w**3 + 104*w**2 - 677*w - 195. Give t(97).
-1
Let w(r) = 16*r - 28. What is w(-6)?
-124
Let c(x) = 11*x + 274. Give c(-28).
-34
Let b(y) = -1853*y + 16669. Give b(9).
-8
Let u(x) = 10*x - 14. Determine u(21).
196
Let i(t) = t**2 - 239*t + 2323. Calculate i(10).
33
Let y(m) = -2*m**3 + 6*m**2 - 5*m - 6. Give y(3).
-21
Let n(j) = -j**3 + j**2 - 18*j + 21. What is n(6)?
-267
Let q(y) = 2*y**3 + 23*y**2 + 22*y - 21. Calculate q(-11).
-142
Let j(n) = -263*n + 753. What is j(3)?
-36
Let o(b) = b**3 + 18*b**2 + 48*b + 1. Determine o(-3).
-8
Let u(i) = i**2 + 19*i - 657. Give u(18).
9
Let l(s) = -34*s - 15. What is l(-6)?
189
Let v(n) = -175*n + 1904. Give v(12).
-196
Let d(a) = a**3 + 150*a**2 + 312*a + 2364. What is d(-148)?
-4
Let y(h) = 8*h + 233. Determine y(-28).
9
Let h(g) = 53*g**3 + g**2 + 12*g + 13. Calculate h(-2).
-431
Let l(u) = -u**3 + 5*u**2 + u - 4. Determine l(4).
16
Let b(o) = 11*o**2 - 1455*o - 1058. What is b(133)?
6
Let w(j) = -j**3 - 16*j**2 - 24*j - 381. What is w(-16)?
3
Let g(k) = k**3 - 5*k**2 + 4*k - 24. What is g(5)?
-4
Let o(s) = -s**2 + 44*s + 800. Determine o(-16).
-160
Let r(h) = -5*h**2 - h + 75. Give r(5).
-55
Let x(m) = -9092*m + 72749. Calculate x(8).
13
Let g(s) = -s**2 - 67*s + 219. What is g(3)?
9
Let v(l) = 590*l - 634. What is v(1)?
-44
Let z(t) = -2*t**2 - 89*t - 134. What is z(-43)?
-5
Let w(r) = 41*r**2 - 2*r - 89. Determine w(0).
-89
Let x(l) = 19*l - 256. What is x(22)?
162
Let c(i) = i**3 - 3*i**2 + 26*i - 105. Give c(5).
75
Let a(s) = -s**3 + 14*s**2 - 9*s - 12. Determine a(14).
-138
Let i(s) = -3*s**2 + 155*s + 202. Give i(55).
-348
Let g(s) = 186*s - 2026. Give g(11).
20
Let o(x) = 21*x + 87. Determine o(-7).
-60
Let x(u) = -3*u**3 + 158*u**2 + 220*u - 224. Determine x(54).
-8
Let u(q) = -7*q**2 - 78*q - 7. Calculate u(-20).
-1247
Let w(l) = l**3 - 17*l**2 + 42*l + 19. Give w(15).
199
Let f(q) = 89*q - 1013. Calculate f(15).
322
Let s(x) = -107*x - 10. Determine s(0).
-10
Let y(w) = -4*w**3 - 6*w**2 - 20*w - 43. Determine y(-4).
197
Let w(a) = a**2 - 36*a - 9498. Give w(117).
-21
Let y(o) = -3*o**2 - 526*o - 722. Give y(-174).
-26
Let m(j) = -j**2 + 50*j + 2686. Calculate m(83).
-53
Let s(c) = 25*c - 99. Give s(2).
-49
Let i(a) = -12*a**2 - 173*a + 172. Determine i(1).
-13
Let a(p) = -174*p + 2258. Calculate a(13).
-4
Let c(s) = -s**2 + 147*s - 1505. Give c(136).
-9
Let k(c) = 3*c**2 - 73*c + 277. What is k(19)?
-27
Let x(l) = -110*l + 3416. Give x(31).
6
Let t(u) = u**2 + 126*u - 1224. Give t(9).
-9
Let r(l) = l**3 - l**2 + 12*l + 12. Give r(0).
12
Let m(v) = v**3 + 21*v**2 - 20*v + 8. What is m(-22)?
-36
Let x(f) = 2*f**3 + 6*f**2 + 679*f + 1338. Calculate x(-2).
-12
Let w(y) = 192*y + 10954. Determine w(-57).
10
Let n(c) = -4*c + 123. What is n(38)?
-29
Let i(p) = -2*p**2 + 25*p + 268. What is i(18)?
70
Let f(s) = 10*s**3 - 261*s**2 + 38*s - 314. Calculate f(26).
-2
Let i(z) = -z**2 - 427*z - 45546. Determine i(-208).
6
Let z(t) = -140*t + 8513. Determine z(61).
-27
Let m(v) = 98*v - 53. Determine m(3).
241
Let f(d) = -d**2 + d + 618. Give f(-25).
-32
Let p(w) = -3*w**3 - 12*w**2 - 23*w. What is p(-6)?
354
Let t(y) = -52*y - 735. Give t(-14).
-7
Let y(z) = -270*z - 2963. Calculate y(-11).
7
Let i(q) = -84*q + 501. Give i(0).
501
Let o(d) = -16*d - 165. Give o(-17).
107
Let n(m) = m**2 - 32*m + 5. Determine n(0).
5
Let z(a) 